ulate the remainder when 45 is divided by g.
13
Let o be (-448)/5 + (-2)/5. Let t = 130 + o. Suppose 4*a = 8 + t. Calculate the remainder when a is divided by 7.
5
Suppose 2*y - 5*v - 506 = 0, -5*v - 445 - 324 = -3*y. Calculate the remainder when y is divided by 51.
8
Suppose -10*z = 2*f - 8*z - 76, 4*f - 136 = 4*z. Let x be 2/(-5) - (-12)/5. What is the remainder when f is divided by (-1 + x)*1 - -12?
10
Suppose -28 = -9*s - 1. Suppose -z - 4*o = -41 + 17, 102 = 3*z - s*o. What is the remainder when z is divided by 12?
8
Let c = -485 - -507. What is the remainder when 121 is divided by c?
11
Let z(l) = -12*l - 7. Let c = -27 + 20. What is the remainder when z(c) is divided by 20?
17
Let a = 168 - 87. What is the remainder when 159 is divided by a?
78
Calculate the remainder when (-1)/((2/(-45))/((-44)/(-55))) is divided by 9.
0
Calculate the remainder when ((-5)/(-6))/(21/1134) is divided by 6.
3
Suppose -2*i + 78 = -0*f + 4*f, f = i - 54. Let l = 2264 - 2251. What is the remainder when i is divided by l?
10
Let b(k) = 2*k - 21. Let m be b(7). Let o = 4 - m. Calculate the remainder when o is divided by 6.
5
Let u be (1 + 0)*(-14)/(-2). Suppose u*i - 8*i = -24. Calculate the remainder when 70 is divided by i.
22
Suppose -5*f = 5*g - 20, -2*f + 4*g + 10 = -28. Suppose -f*b + 12*b = 3. Let z(s) = s**3 + 5*s**2 - 6*s + 1. What is the remainder when z(-6) is divided by b?
0
Let c(p) = p - 3. Let l be c(1). What is the remainder when 23 is divided by (l - 22/2)/(0 + -1)?
10
Let p(t) = 62*t - 42. Suppose -m - 4*l + 73 = 0, 267 = 4*m - 3*l - 44. What is the remainder when m is divided by p(1)?
17
Let h = 2 - -4. Let d = -3 + h. Suppose -2*w - 41 = -7*w - v, -d*w + 3*v = -39. What is the remainder when 25 is divided by w?
7
Suppose f = -3*l + 129, -6*l + 4*l + 352 = 3*f. Calculate the remainder when f is divided by 24.
18
Suppose 2*k = 4, -2 = -4*f + 4*k + 2. Suppose 4*g - 4 = 6*g, a - 10 = -4*g. What is the remainder when 98/f + (-1)/(-3) is divided by a?
15
Let k = -10 - -13. Suppose -4*f + 362 + 726 = k*q, 5*q - 1822 = 2*f. Suppose -5*x + 241 = -q. Calculate the remainder when x is divided by 31.
28
What is the remainder when 242/4 + 110/(-44) is divided by 8?
2
Let s(n) = 8*n - 11. Let z be s(-3). Let r(p) = p + 35. What is the remainder when ((-68)/5)/(7/z) is divided by r(0)?
33
Suppose 4*w = -c + w - 3, 4*w = -3*c - 19. Let y be (0 - -6)*16/6. Calculate the remainder when 10 is divided by (c/(-12))/(3/y).
2
Let g = 4 - 1. What is the remainder when (g + 0)*(-97)/(-3) is divided by 25?
22
Let r(z) = -4*z**3 - 2*z**2 + 3*z + 5. Let p be (1*(-3 - -1))/1. Calculate the remainder when r(p) is divided by 5.
3
What is the remainder when 1 + 2 + (-19 - -126) is divided by 19?
15
Suppose n = -n + 70. Suppose 4*d - 15 = -v - 4*v, -d + 6 = 2*v. Suppose 0 = -d*s - 5*s + 90. Calculate the remainder when n is divided by s.
17
Suppose d + 11 = 83. Suppose -7*u + 10*u = d. Calculate the remainder when 91 is divided by u.
19
Suppose -40*j + 42*j = 4. Suppose h = 2*y + 2*y - 53, -j*h = -y + 8. What is the remainder when 25 is divided by y?
11
Suppose -5*b = -3*b - 50. What is the remainder when b is divided by 2?
1
Let n(i) = 5 - 1 + 6*i + 10 - 5*i. What is the remainder when n(9) is divided by 7?
2
Let v(n) = n**2 + 3*n + 3. Let r be v(-3). Suppose r*c = 14 + 52. Suppose 3*f + z - 185 = -z, -2*z - 10 = 0. What is the remainder when f is divided by c?
21
Let q be 54/36*106*1. Suppose 5*c + z = -z + q, -4*c = 5*z - 117. Let j = 40 + -23. What is the remainder when c is divided by j?
16
Let n(u) = 3*u**2 - 9*u. Let o = -71 - -51. Let d = o + 26. What is the remainder when n(d) is divided by 28?
26
Let p = -29 - -15. Calculate the remainder when 10/70 + (-222)/p is divided by 8.
0
Let a = -358 + 663. Calculate the remainder when a is divided by 22.
19
Let z(d) = 78*d**3 - 3*d**2 - 4*d + 7. What is the remainder when 85 is divided by z(1)?
7
Suppose 17*w - 284 = 13*w. Calculate the remainder when w is divided by 34.
3
Let u(q) = 3*q**2 + 6*q - 53. What is the remainder when 2091 is divided by u(-8)?
89
Let d = 1093 - -1545. What is the remainder when d is divided by 15?
13
Let b(y) = y**3 - 70*y**2 + 72*y - 196. Let d = 64 - 24. Calculate the remainder when d is divided by b(69).
7
Let y(j) = 3*j**2 - 2*j - 3. Let v(r) = 29*r**2 + 3*r - 2. Let t be v(1). Calculate the remainder when y(-5) is divided by t + 8/4*-1.
26
Suppose -3*g + 2*f = -388, -6*g + 522 = -2*g + 2*f. Let l = -114 + g. What is the remainder when 61 is divided by l?
13
Let k = -33 - -30. Suppose -3*s = -2*f - 89, -6*f - 140 = -5*s - f. What is the remainder when s is divided by 68/6 - 2/k?
9
Let n(r) = -r**3 - 5*r**2 - r + 9. Let g be n(-4). Let c(q) = q**3 + 4*q**2 + 3*q + 1. Calculate the remainder when 2 + ((-6)/(-2) - 2) is divided by c(g).
0
Let l = -41 - -83. Suppose -3*g + 148 = 5*q, 4*q = -3*g + l + 104. What is the remainder when g is divided by (-2)/(-4) + 94/4?
22
Let l(a) = 8*a - 134. Calculate the remainder when 205 is divided by l(22).
37
Let j be (12/(-9))/2 - (-4)/6. Suppose t - 14 + 4 = j. Let x(v) = 5*v + 1. Calculate the remainder when x(5) is divided by t.
6
Suppose 0 = 20*n - 450 - 1230. What is the remainder when n is divided by 22?
18
Let p(z) = -z**2 - 4*z + 12. Let v be p(-13). Let d = -165 - v. What is the remainder when 74 is divided by (d/(-16))/(6/40)?
24
Suppose a - 5 = 3. Let r(n) = -n**2 + 7 + 26 + n + 2 - 4. What is the remainder when r(0) is divided by a?
7
Suppose 0 = -5*t - 3*w + 215, 0 = -5*t + 7*w - 2*w + 175. What is the remainder when 439 is divided by t?
39
Let r(t) = t**2 + 3*t + 6. Let m be r(-2). Suppose -4*s - m*j + 10 = -10, 3*j + 12 = 0. What is the remainder when 34 is divided by s?
7
Suppose 0*d + 2*o = -5*d + 75, -4*o + 20 = 0. Let q(n) = n + 23. Let g(b) = -b**2 + b + 2. Let c be g(2). What is the remainder when q(c) is divided by d?
10
Let h = 1243 + -1214. Calculate the remainder when 84 is divided by h.
26
Let s = 175 + 232. What is the remainder when s is divided by 51?
50
Let s(y) = -y + 81. Calculate the remainder when s(0) is divided by (11 - 322/56)/(6/32).
25
Calculate the remainder when 226 is divided by ((-114)/(-4))/(7/112*8).
55
Let v(g) = 7*g + 382. Calculate the remainder when v(-26) is divided by 41.
36
Suppose 18 + 1 = -4*o + 35. What is the remainder when o is divided by (2/3)/2*9?
1
Suppose -62*l - 80 = -67*l. Let p(m) = -2*m**3 - 2*m + 1. What is the remainder when p(-3) is divided by l?
13
Suppose -f + 25 = 3*x, -3*x + 4*x = 4*f + 30. What is the remainder when 45 is divided by x?
5
Let m be (-117 + 11)/(-1 - 1). Let j = 56 - m. What is the remainder when 11 is divided by j?
2
Let l = 27 - 21. Suppose l*g - 14 = -g. Suppose -2*x - g*x + 48 = 0. What is the remainder when 19 is divided by x?
7
Let y = 32 + -20. What is the remainder when 8 is divided by (-4)/6 - (-68)/y?
3
Let j(f) be the first derivative of 17*f**2/2 - 7*f - 17. Calculate the remainder when j(8) is divided by 44.
41
Let x be (2 + -1)/1 - -1. Let j(n) = -n**2 - 22*n - 93. What is the remainder when j(-16) is divided by 5/x - 2/4?
1
Let z(k) = -k**2 - 5*k. Let l be z(-8). Let b be (-51)/102 - 166/(-4). Let q = b + l. What is the remainder when q is divided by 6?
5
Let p = -369 - -405. Calculate the remainder when 178 is divided by p.
34
What is the remainder when 86 is divided by -9*(-1 + -4 - -2)?
5
Suppose 0 = -82*u + 78*u + 52. What is the remainder when 48 is divided by u?
9
Let g be 3*(0 - 4/(-3)). Let b(m) = 3*m - 9. Let z be b(g). Suppose z*a = -q + 27, 5 + 1 = 2*a. What is the remainder when q is divided by 10?
8
Let o(y) = 2*y**3 - 6*y**2 - 29*y - 13. What is the remainder when (-844)/(-10) - 8/20 is divided by o(6)?
26
Suppose -44*j = -48*j + 168. What is the remainder when 155 is divided by j?
29
Let z(i) = 3*i**2 + 17*i + 39. What is the remainder when z(-5) is divided by 6?
5
Let m = 10 + -7. Suppose -4*u + m + 13 = 0. Suppose -265 = -u*o - o. Calculate the remainder when o is divided by 19.
15
What is the remainder when (17478/(-5))/(-9) + (-4)/10 is divided by 23?
20
Let b = -22 + 37. Calculate the remainder when 27 is divided by b.
12
Let s(c) = -c**3 + 2*c**2 + 47*c + 21. Suppose -2*d - 17 = -n, n - 2*d - 12 = -5*d. What is the remainder when 